{"id":1102,"date":"2025-01-02T17:32:29","date_gmt":"2025-01-02T16:32:29","guid":{"rendered":"https:\/\/placedejeu.kameu-cm.com\/?post_type=product&#038;p=1102"},"modified":"2025-01-02T17:32:29","modified_gmt":"2025-01-02T16:32:29","slug":"capteur-photoresistor","status":"publish","type":"product","link":"https:\/\/placedejeu.kameu-cm.com\/?product=capteur-photoresistor","title":{"rendered":"Capteur Photoresistor"},"content":{"rendered":"<p>Le <strong>photoresistor<\/strong>, \u00e9galement connu sous le nom de <strong>LDR (Light Dependent Resistor)<\/strong>, est un composant \u00e9lectronique dont la r\u00e9sistance varie en fonction de l\u2019intensit\u00e9 lumineuse. Il est largement utilis\u00e9 pour mesurer la lumi\u00e8re ambiante, ce qui le rend id\u00e9al pour des applications telles que les syst\u00e8mes d&rsquo;\u00e9clairage automatique, la r\u00e9gulation de luminosit\u00e9, ou les capteurs de lumi\u00e8re dans les appareils \u00e9lectroniques.<\/p>\n<p>Lorsque la lumi\u00e8re frappe le photoresistor, sa r\u00e9sistance diminue, permettant \u00e0 l&rsquo;\u00e9lectricit\u00e9 de circuler plus librement. Inversement, en l&rsquo;absence de lumi\u00e8re, la r\u00e9sistance augmente, r\u00e9duisant le flux d&rsquo;\u00e9lectricit\u00e9. Ce comportement est exploit\u00e9 dans des projets Arduino et autres microcontr\u00f4leurs pour d\u00e9tecter les changements de luminosit\u00e9 ou r\u00e9guler des dispositifs en fonction de l&rsquo;intensit\u00e9 lumineuse ambiante. Le LDR est essentiel dans des projets d&rsquo;automatisation, d&rsquo;\u00e9clairage intelligent et de mesure de la lumi\u00e8re dans diff\u00e9rents environnements.<\/p>\n","protected":false},"excerpt":{"rendered":"<ul>\n<li>R\u00e9sistance qui varie en fonction de l&rsquo;intensit\u00e9 lumineuse.<\/li>\n<li>Utilis\u00e9 pour mesurer la lumi\u00e8re ambiante dans des applications comme les syst\u00e8mes d&rsquo;\u00e9clairage automatique.<\/li>\n<li>Facile \u00e0 int\u00e9grer avec Arduino et autres microcontr\u00f4leurs.<\/li>\n<li>Id\u00e9al pour les d\u00e9tecteurs de lumi\u00e8re, les syst\u00e8mes de r\u00e9gulation de luminosit\u00e9, et les projets d\u2019automatisation.<\/li>\n<li>Sensibilit\u00e9 ajustable selon l&rsquo;application.<\/li>\n<\/ul>\n","protected":false},"featured_media":1103,"comment_status":"open","ping_status":"closed","template":"","meta":{"_kad_post_transparent":"default","_kad_post_title":"","_kad_post_layout":"default","_kad_post_sidebar_id":"","_kad_post_content_style":"default","_kad_post_vertical_padding":"default","_kad_post_feature":"","_kad_post_feature_position":"","_kad_post_header":false,"_kad_post_footer":false},"product_brand":[],"product_cat":[16,250,277],"product_tag":[],"class_list":{"0":"post-1102","1":"product","2":"type-product","3":"status-publish","4":"has-post-thumbnail","6":"product_cat-composants-electroniques","7":"product_cat-actifs","8":"product_cat-capteurs","10":"first","11":"instock","12":"taxable","13":"shipping-taxable","14":"purchasable","15":"product-type-simple","16":"entry","17":"content-bg","18":"loop-entry"},"_links":{"self":[{"href":"https:\/\/placedejeu.kameu-cm.com\/index.php?rest_route=\/wp\/v2\/product\/1102","targetHints":{"allow":["GET"]}}],"collection":[{"href":"https:\/\/placedejeu.kameu-cm.com\/index.php?rest_route=\/wp\/v2\/product"}],"about":[{"href":"https:\/\/placedejeu.kameu-cm.com\/index.php?rest_route=\/wp\/v2\/types\/product"}],"replies":[{"embeddable":true,"href":"https:\/\/placedejeu.kameu-cm.com\/index.php?rest_route=%2Fwp%2Fv2%2Fcomments&post=1102"}],"wp:featuredmedia":[{"embeddable":true,"href":"https:\/\/placedejeu.kameu-cm.com\/index.php?rest_route=\/wp\/v2\/media\/1103"}],"wp:attachment":[{"href":"https:\/\/placedejeu.kameu-cm.com\/index.php?rest_route=%2Fwp%2Fv2%2Fmedia&parent=1102"}],"wp:term":[{"taxonomy":"product_brand","embeddable":true,"href":"https:\/\/placedejeu.kameu-cm.com\/index.php?rest_route=%2Fwp%2Fv2%2Fproduct_brand&post=1102"},{"taxonomy":"product_cat","embeddable":true,"href":"https:\/\/placedejeu.kameu-cm.com\/index.php?rest_route=%2Fwp%2Fv2%2Fproduct_cat&post=1102"},{"taxonomy":"product_tag","embeddable":true,"href":"https:\/\/placedejeu.kameu-cm.com\/index.php?rest_route=%2Fwp%2Fv2%2Fproduct_tag&post=1102"}],"curies":[{"name":"wp","href":"https:\/\/api.w.org\/{rel}","templated":true}]}}