{"id":1106,"date":"2025-01-02T17:37:08","date_gmt":"2025-01-02T16:37:08","guid":{"rendered":"https:\/\/placedejeu.kameu-cm.com\/?post_type=product&#038;p=1106"},"modified":"2025-01-02T17:37:08","modified_gmt":"2025-01-02T16:37:08","slug":"capteur-hall-analogique","status":"publish","type":"product","link":"https:\/\/placedejeu.kameu-cm.com\/?product=capteur-hall-analogique","title":{"rendered":"Capteur Hall Analogique"},"content":{"rendered":"<p>Le <strong>capteur Hall analogique<\/strong> utilise l&rsquo;effet Hall pour mesurer l&rsquo;intensit\u00e9 d&rsquo;un champ magn\u00e9tique. Lorsqu&rsquo;un champ magn\u00e9tique est appliqu\u00e9, le capteur g\u00e9n\u00e8re une tension proportionnelle \u00e0 l&rsquo;intensit\u00e9 du champ, produisant ainsi une sortie analogique que l&rsquo;on peut traiter avec des microcontr\u00f4leurs comme Arduino. Ce capteur est couramment utilis\u00e9 dans des applications o\u00f9 une d\u00e9tection magn\u00e9tique pr\u00e9cise est n\u00e9cessaire, telles que la mesure de la vitesse, la d\u00e9tection de position, ou la surveillance de courant dans des circuits \u00e9lectriques.<\/p>\n<p>Les capteurs Hall analogiques sont particuli\u00e8rement utiles dans des syst\u00e8mes de d\u00e9tection sans contact, ce qui permet de mesurer des courants \u00e9lectriques ou des positions de mani\u00e8re s\u00e9curis\u00e9e sans avoir \u00e0 couper ou toucher les fils. Ils sont utilis\u00e9s dans une vari\u00e9t\u00e9 d\u2019applications industrielles, de contr\u00f4le de moteur, et de syst\u00e8mes de mesure, offrant une solution simple et fiable pour les projets n\u00e9cessitant une d\u00e9tection magn\u00e9tique pr\u00e9cise et continue.<\/p>\n","protected":false},"excerpt":{"rendered":"<ul>\n<li>Mesure le champ magn\u00e9tique \u00e0 l\u2019aide de la technologie Hall.<\/li>\n<li>Fournit une sortie analogique proportionnelle \u00e0 l\u2019intensit\u00e9 du champ magn\u00e9tique.<\/li>\n<li>Utilis\u00e9 pour la d\u00e9tection de position, de vitesse ou de courant.<\/li>\n<li>Facile \u00e0 int\u00e9grer avec des microcontr\u00f4leurs comme Arduino.<\/li>\n<li>Id\u00e9al pour les applications de mesure de courant sans contact, moteurs, et syst\u00e8mes de d\u00e9tection magn\u00e9tique.<\/li>\n<\/ul>\n","protected":false},"featured_media":1107,"comment_status":"open","ping_status":"closed","template":"","meta":{"_kad_post_transparent":"default","_kad_post_title":"","_kad_post_layout":"default","_kad_post_sidebar_id":"","_kad_post_content_style":"default","_kad_post_vertical_padding":"default","_kad_post_feature":"","_kad_post_feature_position":"","_kad_post_header":false,"_kad_post_footer":false},"product_brand":[],"product_cat":[16,250,277],"product_tag":[],"class_list":{"0":"post-1106","1":"product","2":"type-product","3":"status-publish","4":"has-post-thumbnail","6":"product_cat-composants-electroniques","7":"product_cat-actifs","8":"product_cat-capteurs","10":"first","11":"instock","12":"taxable","13":"shipping-taxable","14":"purchasable","15":"product-type-simple","16":"entry","17":"content-bg","18":"loop-entry"},"_links":{"self":[{"href":"https:\/\/placedejeu.kameu-cm.com\/index.php?rest_route=\/wp\/v2\/product\/1106","targetHints":{"allow":["GET"]}}],"collection":[{"href":"https:\/\/placedejeu.kameu-cm.com\/index.php?rest_route=\/wp\/v2\/product"}],"about":[{"href":"https:\/\/placedejeu.kameu-cm.com\/index.php?rest_route=\/wp\/v2\/types\/product"}],"replies":[{"embeddable":true,"href":"https:\/\/placedejeu.kameu-cm.com\/index.php?rest_route=%2Fwp%2Fv2%2Fcomments&post=1106"}],"wp:featuredmedia":[{"embeddable":true,"href":"https:\/\/placedejeu.kameu-cm.com\/index.php?rest_route=\/wp\/v2\/media\/1107"}],"wp:attachment":[{"href":"https:\/\/placedejeu.kameu-cm.com\/index.php?rest_route=%2Fwp%2Fv2%2Fmedia&parent=1106"}],"wp:term":[{"taxonomy":"product_brand","embeddable":true,"href":"https:\/\/placedejeu.kameu-cm.com\/index.php?rest_route=%2Fwp%2Fv2%2Fproduct_brand&post=1106"},{"taxonomy":"product_cat","embeddable":true,"href":"https:\/\/placedejeu.kameu-cm.com\/index.php?rest_route=%2Fwp%2Fv2%2Fproduct_cat&post=1106"},{"taxonomy":"product_tag","embeddable":true,"href":"https:\/\/placedejeu.kameu-cm.com\/index.php?rest_route=%2Fwp%2Fv2%2Fproduct_tag&post=1106"}],"curies":[{"name":"wp","href":"https:\/\/api.w.org\/{rel}","templated":true}]}}