{"id":1118,"date":"2025-01-02T17:47:01","date_gmt":"2025-01-02T16:47:01","guid":{"rendered":"https:\/\/placedejeu.kameu-cm.com\/?post_type=product&#038;p=1118"},"modified":"2025-01-02T17:47:01","modified_gmt":"2025-01-02T16:47:01","slug":"capteur-hall-lineaire","status":"publish","type":"product","link":"https:\/\/placedejeu.kameu-cm.com\/?product=capteur-hall-lineaire","title":{"rendered":"Capteur Hall Lin\u00e9aire"},"content":{"rendered":"<p>Le <strong>capteur Hall lin\u00e9aire<\/strong> utilise l&rsquo;effet Hall pour d\u00e9tecter la force d\u2019un champ magn\u00e9tique et produit une sortie analogique proportionnelle \u00e0 cette force. Contrairement aux capteurs Hall tout-ou-rien, qui d\u00e9clenchent simplement lorsqu&rsquo;un champ est pr\u00e9sent, le capteur Hall lin\u00e9aire permet de mesurer pr\u00e9cis\u00e9ment l&rsquo;intensit\u00e9 du champ, ce qui en fait un dispositif id\u00e9al pour des applications o\u00f9 la mesure continue est n\u00e9cessaire, comme la d\u00e9tection de position, de vitesse, ou la mesure de courant.<\/p>\n<p>Le capteur Hall lin\u00e9aire est utilis\u00e9 dans divers syst\u00e8mes de d\u00e9tection de mouvement, de contr\u00f4le moteur, et dans des syst\u00e8mes industriels o\u00f9 une mesure pr\u00e9cise de la force magn\u00e9tique est requise. Il est compatible avec des microcontr\u00f4leurs comme Arduino pour des applications vari\u00e9es allant des robots industriels aux appareils de d\u00e9tection magn\u00e9tique. Sa sortie lin\u00e9aire permet une utilisation dans des projets n\u00e9cessitant une d\u00e9tection magn\u00e9tique plus pr\u00e9cise et d\u00e9taill\u00e9e.<\/p>\n","protected":false},"excerpt":{"rendered":"<ul>\n<li>Mesure la force d&rsquo;un champ magn\u00e9tique de mani\u00e8re proportionnelle.<\/li>\n<li>Fournit une sortie analogique lin\u00e9aire en fonction du champ d\u00e9tect\u00e9.<\/li>\n<li>Utilis\u00e9 pour d\u00e9tecter la position, la vitesse et le courant.<\/li>\n<li>Compatible avec Arduino et autres microcontr\u00f4leurs.<\/li>\n<li>Id\u00e9al pour les syst\u00e8mes de d\u00e9tection de mouvement, de contr\u00f4le moteur, et de mesure de courant.<\/li>\n<\/ul>\n","protected":false},"featured_media":1119,"comment_status":"open","ping_status":"closed","template":"","meta":{"_kad_post_transparent":"default","_kad_post_title":"","_kad_post_layout":"default","_kad_post_sidebar_id":"","_kad_post_content_style":"default","_kad_post_vertical_padding":"default","_kad_post_feature":"","_kad_post_feature_position":"","_kad_post_header":false,"_kad_post_footer":false},"product_brand":[],"product_cat":[16,250,277],"product_tag":[],"class_list":{"0":"post-1118","1":"product","2":"type-product","3":"status-publish","4":"has-post-thumbnail","6":"product_cat-composants-electroniques","7":"product_cat-actifs","8":"product_cat-capteurs","10":"first","11":"instock","12":"taxable","13":"shipping-taxable","14":"purchasable","15":"product-type-simple","16":"entry","17":"content-bg","18":"loop-entry"},"_links":{"self":[{"href":"https:\/\/placedejeu.kameu-cm.com\/index.php?rest_route=\/wp\/v2\/product\/1118","targetHints":{"allow":["GET"]}}],"collection":[{"href":"https:\/\/placedejeu.kameu-cm.com\/index.php?rest_route=\/wp\/v2\/product"}],"about":[{"href":"https:\/\/placedejeu.kameu-cm.com\/index.php?rest_route=\/wp\/v2\/types\/product"}],"replies":[{"embeddable":true,"href":"https:\/\/placedejeu.kameu-cm.com\/index.php?rest_route=%2Fwp%2Fv2%2Fcomments&post=1118"}],"wp:featuredmedia":[{"embeddable":true,"href":"https:\/\/placedejeu.kameu-cm.com\/index.php?rest_route=\/wp\/v2\/media\/1119"}],"wp:attachment":[{"href":"https:\/\/placedejeu.kameu-cm.com\/index.php?rest_route=%2Fwp%2Fv2%2Fmedia&parent=1118"}],"wp:term":[{"taxonomy":"product_brand","embeddable":true,"href":"https:\/\/placedejeu.kameu-cm.com\/index.php?rest_route=%2Fwp%2Fv2%2Fproduct_brand&post=1118"},{"taxonomy":"product_cat","embeddable":true,"href":"https:\/\/placedejeu.kameu-cm.com\/index.php?rest_route=%2Fwp%2Fv2%2Fproduct_cat&post=1118"},{"taxonomy":"product_tag","embeddable":true,"href":"https:\/\/placedejeu.kameu-cm.com\/index.php?rest_route=%2Fwp%2Fv2%2Fproduct_tag&post=1118"}],"curies":[{"name":"wp","href":"https:\/\/api.w.org\/{rel}","templated":true}]}}