{"id":880,"date":"2024-12-12T09:38:05","date_gmt":"2024-12-12T08:38:05","guid":{"rendered":"https:\/\/placedejeu.kameu-cm.com\/?post_type=product&#038;p=880"},"modified":"2024-12-12T09:38:05","modified_gmt":"2024-12-12T08:38:05","slug":"imprimante-multifonction-hp-laserjet-enterprise-m528dn","status":"publish","type":"product","link":"https:\/\/placedejeu.kameu-cm.com\/?product=imprimante-multifonction-hp-laserjet-enterprise-m528dn","title":{"rendered":"Imprimante multifonction HP LaserJet Enterprise M528dn"},"content":{"rendered":"<p>La HP LaserJet Enterprise M528dn est une imprimante multifonction haut de gamme, sp\u00e9cialement con\u00e7ue pour les entreprises qui ont des besoins d\u2019impression, de copie et de num\u00e9risation intensifs. Avec une vitesse d&rsquo;impression rapide allant jusqu&rsquo;\u00e0 45 pages par minute (ppm) et une impression recto-verso automatique, cette imprimante est id\u00e9ale pour augmenter la productivit\u00e9 au bureau.<\/p>\n<p>Elle int\u00e8gre des fonctionnalit\u00e9s de s\u00e9curit\u00e9 avanc\u00e9es pour prot\u00e9ger vos donn\u00e9es sensibles, telles que HP Sure Start, qui surveille en continu la s\u00e9curit\u00e9 du BIOS, et une s\u00e9rie de contr\u00f4les d&rsquo;acc\u00e8s pour limiter l&rsquo;usage non autoris\u00e9. La M528dn propose \u00e9galement une gestion simplifi\u00e9e des t\u00e2ches via son grand \u00e9cran tactile couleur de 8 pouces, facilitant la navigation et l&rsquo;ex\u00e9cution des travaux.<\/p>\n<p>Gr\u00e2ce \u00e0 son architecture robuste et sa capacit\u00e9 de gestion de gros volumes de papier, avec une capacit\u00e9 de bac d&rsquo;entr\u00e9e standard de 650 feuilles (extensible \u00e0 3200 feuilles), elle est parfaitement adapt\u00e9e aux environnements exigeants. Compatible avec divers syst\u00e8mes d\u2019exploitation, la HP LaserJet Enterprise M528dn permet une int\u00e9gration ais\u00e9e dans les r\u00e9seaux d&rsquo;entreprise et offre une connectivit\u00e9 Ethernet pour un usage multi-utilisateurs.<\/p>\n","protected":false},"excerpt":{"rendered":"<ul>\n<li>Impression, copie, num\u00e9risation<\/li>\n<li>Vitesse d&rsquo;impression : Jusqu&rsquo;\u00e0 45 ppm<\/li>\n<li>R\u00e9solution : 1200 x 1200 ppp<\/li>\n<li>Impression recto-verso automatique<\/li>\n<li>Capacit\u00e9 d&rsquo;entr\u00e9e : 650 feuilles (extensible)<\/li>\n<li>Grand \u00e9cran tactile couleur de 8 pouces<\/li>\n<li>S\u00e9curit\u00e9 avanc\u00e9e avec HP Sure Start et gestion des acc\u00e8s<\/li>\n<li>Connectivit\u00e9 Ethernet<\/li>\n<\/ul>\n","protected":false},"featured_media":881,"comment_status":"open","ping_status":"closed","template":"","meta":{"_kad_post_transparent":"default","_kad_post_title":"","_kad_post_layout":"default","_kad_post_sidebar_id":"","_kad_post_content_style":"default","_kad_post_vertical_padding":"default","_kad_post_feature":"","_kad_post_feature_position":"","_kad_post_header":false,"_kad_post_footer":false},"product_brand":[],"product_cat":[327,248],"product_tag":[],"class_list":{"0":"post-880","1":"product","2":"type-product","3":"status-publish","4":"has-post-thumbnail","6":"product_cat-imprimantes","7":"product_cat-imprimantes-scanners","9":"first","10":"instock","11":"taxable","12":"shipping-taxable","13":"purchasable","14":"product-type-simple","15":"entry","16":"content-bg","17":"loop-entry"},"_links":{"self":[{"href":"https:\/\/placedejeu.kameu-cm.com\/index.php?rest_route=\/wp\/v2\/product\/880","targetHints":{"allow":["GET"]}}],"collection":[{"href":"https:\/\/placedejeu.kameu-cm.com\/index.php?rest_route=\/wp\/v2\/product"}],"about":[{"href":"https:\/\/placedejeu.kameu-cm.com\/index.php?rest_route=\/wp\/v2\/types\/product"}],"replies":[{"embeddable":true,"href":"https:\/\/placedejeu.kameu-cm.com\/index.php?rest_route=%2Fwp%2Fv2%2Fcomments&post=880"}],"wp:featuredmedia":[{"embeddable":true,"href":"https:\/\/placedejeu.kameu-cm.com\/index.php?rest_route=\/wp\/v2\/media\/881"}],"wp:attachment":[{"href":"https:\/\/placedejeu.kameu-cm.com\/index.php?rest_route=%2Fwp%2Fv2%2Fmedia&parent=880"}],"wp:term":[{"taxonomy":"product_brand","embeddable":true,"href":"https:\/\/placedejeu.kameu-cm.com\/index.php?rest_route=%2Fwp%2Fv2%2Fproduct_brand&post=880"},{"taxonomy":"product_cat","embeddable":true,"href":"https:\/\/placedejeu.kameu-cm.com\/index.php?rest_route=%2Fwp%2Fv2%2Fproduct_cat&post=880"},{"taxonomy":"product_tag","embeddable":true,"href":"https:\/\/placedejeu.kameu-cm.com\/index.php?rest_route=%2Fwp%2Fv2%2Fproduct_tag&post=880"}],"curies":[{"name":"wp","href":"https:\/\/api.w.org\/{rel}","templated":true}]}}