{"id":904,"date":"2024-12-12T10:00:06","date_gmt":"2024-12-12T09:00:06","guid":{"rendered":"https:\/\/placedejeu.kameu-cm.com\/?post_type=product&#038;p=904"},"modified":"2024-12-18T13:10:41","modified_gmt":"2024-12-18T12:10:41","slug":"imprimante-canon-multifonction","status":"publish","type":"product","link":"https:\/\/placedejeu.kameu-cm.com\/?product=imprimante-canon-multifonction","title":{"rendered":"imprimante canon multifonction"},"content":{"rendered":"<p>L\u2019imprimante multifonction Canon est une solution id\u00e9ale pour ceux qui recherchent un appareil tout-en-un capable de g\u00e9rer l\u2019impression, la num\u00e9risation et la copie avec efficacit\u00e9. Que ce soit pour des documents de bureau ou des photos de qualit\u00e9 professionnelle, elle offre une r\u00e9solution d\u2019impression allant jusqu\u2019\u00e0 4800 x 1200 ppp pour des r\u00e9sultats nets et color\u00e9s. Parfaitement adapt\u00e9e \u00e0 un usage domestique ou pour les petites entreprises, elle permet d\u2019accomplir diverses t\u00e2ches avec une seule machine.<\/p>\n<p>La connectivit\u00e9 sans fil int\u00e9gr\u00e9e facilite l\u2019impression depuis plusieurs appareils, y compris les smartphones, tablettes, et ordinateurs. Compatible avec l\u2019application Canon PRINT, Apple AirPrint et Google Cloud Print, elle offre une flexibilit\u00e9 d\u2019utilisation pour r\u00e9pondre \u00e0 vos besoins d\u2019impression mobile. De plus, sa fonction d\u2019impression recto-verso automatique permet de r\u00e9duire les co\u00fbts de papier et de gagner du temps, tout en facilitant le travail quotidien.<\/p>\n<p>Gr\u00e2ce \u00e0 son \u00e9cran intuitif et ses cartouches d&rsquo;encre Canon, l\u2019imprimante multifonction Canon garantit une excellente qualit\u00e9 d\u2019image et de texte, tout en \u00e9tant \u00e9conomique et \u00e9cologique. Elle est \u00e9galement dot\u00e9e de la technologie de num\u00e9risation avanc\u00e9e, ce qui vous permet de cr\u00e9er des copies num\u00e9riques de vos documents avec pr\u00e9cision.<\/p>\n","protected":false},"excerpt":{"rendered":"<ul>\n<li>Impression, num\u00e9risation, copie<\/li>\n<li>R\u00e9solution : Jusqu&rsquo;\u00e0 4800 x 1200 ppp<\/li>\n<li>Impression sans bordure pour les photos<\/li>\n<li>Connectivit\u00e9 sans fil : Wi-Fi, Bluetooth<\/li>\n<li>Impression mobile via l\u2019application Canon PRINT, Apple AirPrint, Google Cloud Print<\/li>\n<li>Impression recto-verso automatique<\/li>\n<li>Capacit\u00e9 d\u2019entr\u00e9e : 100 feuilles<\/li>\n<li>Cartouches d&rsquo;encre Canon pour des impressions nettes et color\u00e9es<\/li>\n<\/ul>\n","protected":false},"featured_media":905,"comment_status":"open","ping_status":"closed","template":"","meta":{"_kad_post_transparent":"default","_kad_post_title":"","_kad_post_layout":"default","_kad_post_sidebar_id":"","_kad_post_content_style":"default","_kad_post_vertical_padding":"default","_kad_post_feature":"","_kad_post_feature_position":"","_kad_post_header":false,"_kad_post_footer":false},"product_brand":[],"product_cat":[327,248],"product_tag":[],"class_list":{"0":"post-904","1":"product","2":"type-product","3":"status-publish","4":"has-post-thumbnail","6":"product_cat-imprimantes","7":"product_cat-imprimantes-scanners","9":"first","10":"instock","11":"taxable","12":"shipping-taxable","13":"product-type-variable","14":"entry","15":"content-bg","16":"loop-entry"},"_links":{"self":[{"href":"https:\/\/placedejeu.kameu-cm.com\/index.php?rest_route=\/wp\/v2\/product\/904","targetHints":{"allow":["GET"]}}],"collection":[{"href":"https:\/\/placedejeu.kameu-cm.com\/index.php?rest_route=\/wp\/v2\/product"}],"about":[{"href":"https:\/\/placedejeu.kameu-cm.com\/index.php?rest_route=\/wp\/v2\/types\/product"}],"replies":[{"embeddable":true,"href":"https:\/\/placedejeu.kameu-cm.com\/index.php?rest_route=%2Fwp%2Fv2%2Fcomments&post=904"}],"wp:featuredmedia":[{"embeddable":true,"href":"https:\/\/placedejeu.kameu-cm.com\/index.php?rest_route=\/wp\/v2\/media\/905"}],"wp:attachment":[{"href":"https:\/\/placedejeu.kameu-cm.com\/index.php?rest_route=%2Fwp%2Fv2%2Fmedia&parent=904"}],"wp:term":[{"taxonomy":"product_brand","embeddable":true,"href":"https:\/\/placedejeu.kameu-cm.com\/index.php?rest_route=%2Fwp%2Fv2%2Fproduct_brand&post=904"},{"taxonomy":"product_cat","embeddable":true,"href":"https:\/\/placedejeu.kameu-cm.com\/index.php?rest_route=%2Fwp%2Fv2%2Fproduct_cat&post=904"},{"taxonomy":"product_tag","embeddable":true,"href":"https:\/\/placedejeu.kameu-cm.com\/index.php?rest_route=%2Fwp%2Fv2%2Fproduct_tag&post=904"}],"curies":[{"name":"wp","href":"https:\/\/api.w.org\/{rel}","templated":true}]}}