{"id":952,"date":"2024-12-12T15:09:38","date_gmt":"2024-12-12T14:09:38","guid":{"rendered":"https:\/\/placedejeu.kameu-cm.com\/?post_type=product&#038;p=952"},"modified":"2025-02-07T13:33:45","modified_gmt":"2025-02-07T12:33:45","slug":"plaque-a-essais","status":"publish","type":"product","link":"https:\/\/placedejeu.kameu-cm.com\/?product=plaque-a-essais","title":{"rendered":"Plaque \u00e0 essais"},"content":{"rendered":"<p>Une plaque \u00e0 essais, \u00e9galement appel\u00e9e \u00ab\u00a0breadboard\u00a0\u00bb, est un outil essentiel en \u00e9lectronique permettant de r\u00e9aliser rapidement et facilement des montages \u00e9lectroniques sans soudure. Elle est utilis\u00e9e par les \u00e9tudiants, ing\u00e9nieurs et passionn\u00e9s pour prototyper des circuits \u00e9lectroniques avant de passer \u00e0 une version d\u00e9finitive. La plaque est constitu\u00e9e de nombreuses rang\u00e9es de trous dans lesquels on ins\u00e8re des composants \u00e9lectroniques tels que des r\u00e9sistances, condensateurs, transistors, ou circuits int\u00e9gr\u00e9s.<\/p>\n<p>L&rsquo;absence de soudure permet de modifier et tester diff\u00e9rents circuits sans ab\u00eemer les composants, ce qui en fait un outil id\u00e9al pour l&rsquo;exp\u00e9rimentation et l&rsquo;apprentissage. Les plaques \u00e0 essais sont souvent utilis\u00e9es avec des microcontr\u00f4leurs comme Arduino, Raspberry Pi, ou des circuits logiques pour des tests rapides. Les connexions sont faites \u00e0 l\u2019aide de fils de liaison qui peuvent \u00eatre facilement d\u00e9plac\u00e9s pour ajuster le circuit selon les besoins du projet.<\/p>\n<p>En plus d\u2019\u00eatre tr\u00e8s pratique, la plaque \u00e0 essais est disponible en diff\u00e9rentes tailles et permet de connecter plusieurs composants ensemble, offrant une flexibilit\u00e9 pour construire des circuits plus ou moins complexes. C\u2019est un outil indispensable pour toute personne souhaitant tester des id\u00e9es ou apprendre l\u2019\u00e9lectronique de mani\u00e8re pratique.<\/p>\n","protected":false},"excerpt":{"rendered":"<ul>\n<li>Outil pour monter des circuits sans soudure.<\/li>\n<li>Utilis\u00e9e pour tester et prototyper des projets \u00e9lectroniques.<\/li>\n<li>Compatible avec composants : r\u00e9sistances, transistors, circuits int\u00e9gr\u00e9s.<\/li>\n<li>Flexible et r\u00e9utilisable, id\u00e9ale pour l&rsquo;apprentissage et l&rsquo;exp\u00e9rimentation.<\/li>\n<li>Facile \u00e0 utiliser avec des microcontr\u00f4leurs comme Arduino.<\/li>\n<\/ul>\n","protected":false},"featured_media":1987,"comment_status":"open","ping_status":"closed","template":"","meta":{"_kad_post_transparent":"default","_kad_post_title":"","_kad_post_layout":"default","_kad_post_sidebar_id":"","_kad_post_content_style":"default","_kad_post_vertical_padding":"default","_kad_post_feature":"","_kad_post_feature_position":"","_kad_post_header":false,"_kad_post_footer":false},"product_brand":[],"product_cat":[16,254,263],"product_tag":[],"class_list":{"0":"post-952","1":"product","2":"type-product","3":"status-publish","4":"has-post-thumbnail","6":"product_cat-composants-electroniques","7":"product_cat-accessoires","8":"product_cat-palques-a-essais","10":"first","11":"instock","12":"taxable","13":"shipping-taxable","14":"purchasable","15":"product-type-simple","16":"entry","17":"content-bg","18":"loop-entry"},"_links":{"self":[{"href":"https:\/\/placedejeu.kameu-cm.com\/index.php?rest_route=\/wp\/v2\/product\/952","targetHints":{"allow":["GET"]}}],"collection":[{"href":"https:\/\/placedejeu.kameu-cm.com\/index.php?rest_route=\/wp\/v2\/product"}],"about":[{"href":"https:\/\/placedejeu.kameu-cm.com\/index.php?rest_route=\/wp\/v2\/types\/product"}],"replies":[{"embeddable":true,"href":"https:\/\/placedejeu.kameu-cm.com\/index.php?rest_route=%2Fwp%2Fv2%2Fcomments&post=952"}],"wp:featuredmedia":[{"embeddable":true,"href":"https:\/\/placedejeu.kameu-cm.com\/index.php?rest_route=\/wp\/v2\/media\/1987"}],"wp:attachment":[{"href":"https:\/\/placedejeu.kameu-cm.com\/index.php?rest_route=%2Fwp%2Fv2%2Fmedia&parent=952"}],"wp:term":[{"taxonomy":"product_brand","embeddable":true,"href":"https:\/\/placedejeu.kameu-cm.com\/index.php?rest_route=%2Fwp%2Fv2%2Fproduct_brand&post=952"},{"taxonomy":"product_cat","embeddable":true,"href":"https:\/\/placedejeu.kameu-cm.com\/index.php?rest_route=%2Fwp%2Fv2%2Fproduct_cat&post=952"},{"taxonomy":"product_tag","embeddable":true,"href":"https:\/\/placedejeu.kameu-cm.com\/index.php?rest_route=%2Fwp%2Fv2%2Fproduct_tag&post=952"}],"curies":[{"name":"wp","href":"https:\/\/api.w.org\/{rel}","templated":true}]}}